z + 7. Calculate s(9).
-81
Suppose 36*w - 39*w = -5*g + 21, -5*g + w + 7 = 0. Let i(j) = -13*j**2 - j + 9. What is i(g)?
9
Let c(k) = -7*k**2 + 18*k. Let u(l) = -6*l**2 + 18*l + 1. Let o(i) = -8*c(i) + 9*u(i). Calculate o(-9).
9
Suppose -4*w - x + 0*x = -45, -3 = -3*x. Let z(q) = -5 - 12*q + 18*q - w*q. Suppose 0 = -3*s + 7*s + 16. Give z(s).
15
Suppose -7*s + 8 = -2*z - 6*s, s = -4*z - 4. Let h be ((1*(z + 2))/2)/(-1). Let b(g) = -g - 25. Give b(h).
-25
Suppose -180 = 9*w - 20*w - 25*w. Let o(x) = -x**2 + 4*x - 10. Give o(w).
-15
Let h be ((-1980)/21)/(4/28). Let d = 669 + h. Let b(v) = -3 + v + 1 - 2. Calculate b(d).
5
Let l = -26058 + 26060. Let b(c) = 13*c - 2. Determine b(l).
24
Let b(d) = -20*d + 894. Suppose 2*v = 57*p - 60*p + 84, -6 = 3*p. What is b(v)?
-6
Let b(t) = 4*t**2 - 6*t + 16. Let w(s) = -4*s + 3*s - 24*s**2 + 48*s**2 - 23*s**2 + 2. Let g(m) = -b(m) + 5*w(m). Suppose 0 = 2*r - 7*r. Give g(r).
-6
Suppose -j = -341*t + 336*t + 6, 5*j = 20. Let q(b) be the third derivative of -13/24*b**4 + 0*b**3 + 0*b + 25*b**t + 0. Determine q(1).
-13
Let o(g) = 2*g**2 + 34*g - 16. Let w be o(-18). Suppose -6*y + 2*y = 5*j - w, 0 = 4*y. Let d(b) = b**2 - 2*b - 2. Calculate d(j).
6
Let d be (1720/516)/(4/(-6)). Let c(p) = -p**2 - 8*p - 8. Determine c(d).
7
Let w(l) = l**2 + 7*l + 18. Let i(b) = 2*b**2 + 15*b + 35. Let t(f) = -3*i(f) + 5*w(f). Suppose -3*h - 18 = 2*k + 20, 14 = -h - k. Give t(h).
-15
Let g(v) = 5459*v**2 + 8*v - 5458*v**2 + 6 - 1. Let w be 15*4/(-3)*(-18)/(-60). Give g(w).
-7
Let y(p) = p**3 - p**2 + p + 1. Let s be y(0). Let z(d) be the first derivative of -d**3/3 - 2448. Calculate z(s).
-1
Suppose -2*f - 99 = -5*q, 16*f - 20*f + 5*q = 173. Let n be -1 + 3 - (f - -34). Let s(t) = 3*t - 4. Calculate s(n).
11
Let u(q) = -2*q**2 + 4*q + 1. Suppose 0 = 5*z + 5*l - 35, 2*z + 3*z + 5 = 3*l. Let a be (z/(-9))/((-35)/315). Give u(a).
1
Let v(h) = h**3 + 3*h**2 - 6*h - 3. Let j(g) = -3*g + 11. Let r be j(5). Let l = -233 - -259. Let c be l/(-7) + r/14. Calculate v(c).
5
Let m(w) be the first derivative of w**4/4 - 13*w**3/3 - 19*w**2/2 + 47*w - 3787. Give m(14).
-23
Let h(j) be the first derivative of j**3 + j**2/2 - 26. Let w = -1125 - -1126. Determine h(w).
4
Suppose 4*p - 16 = y, -4*p - y + 16 = 3*y. Let s(j) = 7 + 5*j**2 + 1 - 43*j**3 - p*j + 44*j**3. Suppose z + 8 = 2. What is s(z)?
-4
Suppose p - 44 = 2*b - 3*p, -4*b - p - 61 = 0. Let s = b + 21. Let a(n) = -n**3 + 8*n + s*n**2 - 15*n + 4*n. Calculate a(2).
6
Suppose 0 = 12*d - 18 - 38 - 28. Let u(r) = -r**2 + 24. Determine u(d).
-25
Let l(y) = 17*y - 171. Let f = -1784 - -1794. Give l(f).
-1
Let y be (14 - -2)/(8 - (5 - 9 - -13)). Let k(d) = -2*d**3 - 26*d**2 + 97*d + 18. What is k(y)?
2
Suppose -6*s = -15 - 81. Let l(u) = -13 - 3*u - 4 + s. Let g(k) = 5*k + 2. Let b(i) = 6*g(i) + 13*l(i). Give b(2).
-19
Let j(f) = -13*f**3 - 13*f**2 + 22*f. Let g(k) = -29*k**3 - 27*k**2 + 45*k. Let q(t) = -4*g(t) + 9*j(t). Give q(-11).
44
Let f(t) = -t - 1. Let q = 30 + -30. Suppose -2*r = -2*d + 96, 5*d - r + 20 - 248 = 0. Let h be (0 - q)*(-4 - d/(-10)). Determine f(h).
-1
Suppose 23 = 3*z + 137. Let f = -29 - z. Let o(s) = s**3 - 8*s**2 - 9*s - 5. Calculate o(f).
-5
Let g be -1 - (-21)/9 - 4/(-6). Suppose 4*y - 3*m + 2 = 0, 7*m - g*m = -2*y + 12. Let u(a) = 4*a**2 + a**3 - 2*a - 38 - 2*a**2 + 39. Determine u(y).
2
Let o(g) = -2*g**2 + 17*g + 13. Let h(t) = t**2 - 14*t. Let c(i) = -i + 1. Let r(f) = 6*c(f) - h(f). Let d(s) = 3*o(s) - 7*r(s). Calculate d(3).
-9
Let i(f) = -f**3 - 7*f**2 + 3*f - 6. Let x = -115 + -96. Let s = -218 - x. What is i(s)?
-27
Let m(x) = -307*x + 2*x**2 + 303*x - x**2 + 3. Give m(8).
35
Let i(j) = -3*j**3 - 42*j**2 - 14*j + 13. Let r(t) = -t**3 - 13*t**2 - 5*t + 4. Let k(f) = -2*i(f) + 7*r(f). What is k(-6)?
8
Let j(r) be the first derivative of 1/4*r**4 + 12 + 0*r**3 + 0*r**2 - 4*r. What is j(-3)?
-31
Let u be (-1 - -11) + (1 - -4). Let b(a) = -a**2 + 17*a - 19. What is b(u)?
11
Let i = -15 - -45. Suppose -i = -18*y + 13*y. Let a(s) = -y*s + 5*s + 2 - 2*s + 4*s. Give a(4).
6
Let c(u) = 5*u**2 - 7*u + 16 - 2*u - 12 + 20. Let m(s) = s**2 - 2*s + 6. Let k(f) = 2*c(f) - 9*m(f). Suppose 0 = -4*h + 2*h. Determine k(h).
-6
Let z(f) = 2424*f**2 + 2411*f**2 - 9 + 2419*f**2 - 7244*f**2 - 14*f + f**3. Give z(-11).
24
Let n(b) = -3*b**3 - 120*b**2 - 2*b - 85. Let d be n(-40). Let l(r) = -2 + 2*r + 5 + 6. What is l(d)?
-1
Let l(t) = 8*t + 1. Suppose 0 = -3*j + 15, 72 = 2*w - 4*j. Let f = 91 - 44. Let a = w - f. Calculate l(a).
-7
Let a be 672/28*((-15)/(-6) - 2). Let k(q) = -5 - 98*q**3 + 99*q**3 - 8*q**2 + 14 - a*q. Calculate k(9).
-18
Let t(o) = -o**2 + 6*o + 5. Suppose -3*u + w = -4, 3*u - 4*u - 16 = 4*w. Give t(u).
5
Let t(g) = -g**2 - 6*g + 4. Suppose 3*l = l + 5*c + 15, 4*c = -12. Suppose l = -4*o + 11*o + 49. Determine t(o).
-3
Let r(j) = 139*j**2 - 80*j - 29. Let f(d) = -64*d**2 + 39*d + 14. Let i(y) = -13*f(y) - 6*r(y). Give i(-12).
28
Suppose -170*n - 21 = -173*n. Let g(m) = 98*m - 691. What is g(n)?
-5
Let m be -4*(4 - (2 + 6)). Suppose m = n + b, -5*n + 3*b + 31 + 25 = 0. Let x(j) = 4*j + 4*j**2 + 8*j**2 - n*j**2. Calculate x(5).
-5
Let i(z) = -150*z + 481*z - 366*z - 7 - 34*z**2 + z**3. Determine i(35).
-7
Let p(r) be the first derivative of -r**2 - 49*r - 2398. Give p(-13).
-23
Suppose 5*s - 35 = -4*u, -5*s + 0*s - 10 = -5*u. Let p(h) = 4*h + 15*h**2 + 1 - h**3 + s - 30*h**2 + 12*h**2. Give p(-4).
4
Let u(q) be the first derivative of -q**5/20 + q**4/12 - 114*q - 63. Let y(v) be the first derivative of u(v). What is y(2)?
-4
Let i(s) be the first derivative of s**5/120 - s**4/24 + 16*s**3/3 + 156. Let q(o) be the third derivative of i(o). Determine q(-3).
-4
Let g(s) be the second derivative of -s**2 + 3/20*s**5 - 1/6*s**3 - 1/6*s**4 - 6*s + 22. Calculate g(2).
12
Let y(t) = -t**2 - 3*t - 1. Let k = 467 - 486. Let j be 5 - (47/6 + k/(-114)). Calculate y(j).
-1
Let r(k) = -k**3 - 6*k**2 - 11*k - 20. Let w be r(-5). Let t(s) = -8*s + 9. Let x(n) = 7*n - 9. Let u(f) = 6*t(f) + 7*x(f). Calculate u(w).
1
Let n(u) = -4*u**2 + 2 - 3*u + 4*u + 3*u**2 + 5*u. Let b be 1/4 - 10/80*-46. What is n(b)?
2
Suppose 394*m - 382*m + 1176 = 0. Let g be ((-5)/(-10))/(7/m). Let v(b) = b**2 + 5*b - 16. Give v(g).
-2
Let j(f) = 21*f - 102. Let h(d) = -25*d + 128. Let m(k) = 5*h(k) + 6*j(k). What is m(0)?
28
Let p(c) be the second derivative of c**5/20 + c**4/2 - 9*c**3/2 + 2087*c. What is p(-9)?
0
Let h(j) = 9*j**3 - 6*j**2 + 51*j + 41. Let d(r) = -5*r**3 + 2*r**2 - 26*r - 22. Let v(n) = 11*d(n) + 6*h(n). What is v(-15)?
-71
Let y(r) = -5*r**3 + 4*r**2 - r - 2. Let k(s) = 3*s - 44 - 56 + 69. Let n be k(11). What is y(n)?
-28
Let i(k) = -13*k - 359. Let x(q) = 3*q + 88. Let b(l) = -4*i(l) - 17*x(l). Determine b(20).
-40
Let o(g) = -g**2 - 6*g - 10. Let u be o(-6). Let c be (-10)/(-25) + (-56)/u. Suppose 0 = -c*b + 37 + 5. Let h(x) = x + 4. Determine h(b).
11
Let u(r) = -7*r**2 - 7 + 42*r**2 - 21*r - r - 22*r**2 - 15*r**2. What is u(-11)?
-7
Let p(u) = -u**3 - u**2 + 5*u + 6. Let t(h) = -2*h**3 - 23*h**2 + 46*h + 52. Let o(d) = d**3 - d**2. Let r(v) = -3*o(v) - t(v). Let a be r(24). What is p(a)?
34
Let a = -1847 - -2601. Let w(b) = -a*b + 7 + 1511*b - 752*b. What is w(-3)?
-8
Let w(y) be the third derivative of y**5/15 + 25*y**4/12 + 5*y**3 - y**2 + 2064*y. What is w(-12)?
6
Let m(w) = w + 2. Suppose 32 = 4*s - x, 0 = -3*s - 2*s + 4*x + 40. Let p(n) = -n**3 + 6*n**2 + 16*n + 9. Let o be p(s). What is m(o)?
11
Let n(d) = -7 - 2 + 5 - 3 - 17*d. Let s be n(-4). Let b(c) = 58*c - 118*c + 3 + s*c. What is b(-4)?
-1
Let r(u) = -67*u - 47. Let d(f) = -58*f - 44. Let v(c) = 6*d(c) - 5*r(c). Calculate v(-2).
-3
Suppose -5*i = 3*o + 30, 0 = -2*i + 3*o + 2*o - 12. Let r be (65/10 + i)*-22. Let m(z) = z**3 + 11*z**2 - z - 16. Determine m(r).
-5
Suppose -19 = 4*f - 35. Suppose -4*q + 92 = -f*a, a + 74 = 5*q - 21. Suppose 17 = -5*i - q. Let p(g) = g**2 + 7*g + 7. What is p(i)?
7
Let a(x) = 2*x**2 - 1. Let u be 4/(-6)*-2*3. Let c be (-59)/((-2)/(-8)*u). Let t = -57 - c. Calculate a(t).
7
Let s(q) be the first derivative of q**4/4 - q**3/3 + 5*q**2/2 + 12*q + 4524. Determine s(0).
12
Let b(i) = -5*i**2 - 2*i - 1. Let s(r) = -4 + 20*r - 19*r - 20. Let y be s(23). Calculate b(y).
-4
Let y(w) = -w + 11. L